a multiple of 2?
False
Does 223 divide 8251?
True
Is 270 a multiple of 9?
True
Is 169 a factor of 36940?
False
Is 14 a factor of 546?
True
Is 15 a factor of 540?
True
Does 6 divide 672?
True
Is 10 a factor of 128?
False
Is 47 a factor of 2538?
True
Does 58 divide 129746?
True
Is 10 a factor of 8560?
True
Is 5964 a multiple of 28?
True
Is 4835 a multiple of 122?
False
Is 3 a factor of 187?
False
Is 15824 a multiple of 43?
True
Does 11 divide 110?
True
Does 9 divide 3096?
True
Is 4 a factor of 2528?
True
Is 315 a factor of 9755?
False
Is 10 a factor of 45630?
True
Is 1656 a multiple of 70?
False
Is 13 a factor of 3852?
False
Is 2 a factor of 393?
False
Is 26 a factor of 260?
True
Is 117 a multiple of 9?
True
Does 97 divide 496?
False
Is 29 a factor of 1317?
False
Is 105 a factor of 85785?
True
Does 23 divide 104?
False
Is 41762 a multiple of 14?
True
Is 3398 a multiple of 16?
False
Does 12 divide 969?
False
Is 7356 a multiple of 33?
False
Does 26 divide 728?
True
Does 13 divide 10751?
True
Is 980 a multiple of 10?
True
Is 24846 a multiple of 246?
True
Is 4 a factor of 15128?
True
Is 103 a factor of 5776?
False
Is 494 a multiple of 4?
False
Is 18 a factor of 1584?
True
Is 8 a factor of 1199?
False
Is 952 a multiple of 28?
True
Is 8366 a multiple of 47?
True
Is 226 a multiple of 14?
False
Is 92 a factor of 1012?
True
Does 13 divide 26?
True
Does 96 divide 192?
True
Does 122 divide 1585?
False
Does 5 divide 16948?
False
Does 12 divide 1557?
False
Is 12 a factor of 31752?
True
Is 215 a factor of 29220?
False
Is 2583 a multiple of 85?
False
Is 2997 a multiple of 27?
True
Does 46 divide 2355?
False
Is 94 a multiple of 3?
False
Does 10 divide 610?
True
Is 17553 a multiple of 41?
False
Is 130 a factor of 34190?
True
Is 28 a factor of 8064?
True
Is 118 a factor of 52159?
False
Does 4 divide 155?
False
Is 76116 a multiple of 115?
False
Is 36245 a multiple of 46?
False
Does 13 divide 140244?
True
Does 29 divide 1098?
False
Does 2 divide 29?
False
Is 17908 a multiple of 283?
False
Is 1002 a multiple of 10?
False
Does 35 divide 1660?
False
Is 22 a factor of 396?
True
Does 81 divide 3002?
False
Is 8 a factor of 12381?
False
Does 8 divide 6496?
True
Is 42 a factor of 3583?
False
Is 13 a factor of 56?
False
Does 39 divide 3822?
True
Is 129 a factor of 46730?
False
Does 105 divide 1815?
False
Does 15 divide 241?
False
Is 16 a factor of 384?
True
Does 3 divide 3?
True
Does 66 divide 463?
False
Does 36 divide 28098?
False
Is 1660 a multiple of 20?
True
Is 14 a factor of 927?
False
Is 3032 a multiple of 10?
False
Is 4498 a multiple of 8?
False
Is 223 a factor of 30328?
True
Does 38 divide 13371?
False
Is 18 a factor of 565?
False
Is 27095 a multiple of 56?
False
Is 25 a factor of 1550?
True
Does 64 divide 2048?
True
Is 29 a factor of 11550?
False
Is 5 a factor of 300?
True
Is 64 a factor of 6344?
False
Is 15 a factor of 1066?
False
Does 14 divide 630?
True
Does 50 divide 2106?
False
Is 26 a factor of 3328?
True
Does 18 divide 52807?
False
Does 14 divide 266?
True
Is 421 a multiple of 42?
False
Does 7 divide 54763?
False
Is 4 a factor of 283?
False
Is 1518 a multiple of 6?
True
Is 520 a multiple of 30?
False
Is 136 a factor of 928?
False
Is 227 a factor of 71505?
True
Is 10 a factor of 340?
True
Is 15 a factor of 568?
False
Is 21718 a multiple of 24?
False
Does 80 divide 1300?
False
Is 19342 a multiple of 11?
False
Is 1445 a multiple of 17?
True
Is 6426 a multiple of 27?
True
Is 18 a factor of 468?
True
Is 166 a factor of 13446?
True
Is 6 a factor of 11454?
True
Is 7300 a multiple of 12?
False
Does 53 divide 3059?
False
Is 42 a factor of 4081?
False
Does 64 divide 224?
False
Is 15 a factor of 3407?
False
Is 6107 a multiple of 60?
False
Is 74569 a multiple of 11?
True
Is 37 a factor of 6586?
True
Does 19 divide 3996?
False
Is 47 a factor of 1457?
True
Is 12 a factor of 1308?
True
Does 43 divide 71?
False
Is 25 a factor of 24612?
False
Does 290 divide 99175?
False
Does 12 divide 11280?
True
Does 13 divide 61175?
False
Is 1372 a multiple of 98?
True
Does 216 divide 13176?
True
Is 76 a factor of 111325?
False
Is 383 a multiple of 37?
False
Is 297 a multiple of 16?
False
Is 31115 a multiple of 19?
False
Does 14 divide 8064?
True
Is 1700 a multiple of 11?
False
Is 4249 a multiple of 12?
False
Does 101 divide 50298?
True
Is 610 a multiple of 5?
True
Is 126 a factor of 21294?
True
Does 44 divide 836?
True
Is 33 a factor of 29271?
True
Is 713 a multiple of 17?
False
Does 2 divide 5802?
True
Is 3234 a multiple of 6?
True
Does 2 divide 73?
False
Does 40 divide 4040?
True
Is 6270 a multiple of 114?
True
Does 3 divide 29?
False
Is 61 a factor of 16714?
True
Does 28 divide 1344?
True
Does 2 divide 285?
False
Is 22 a factor of 11682?
True
Does 23 divide 920?
True
Is 26 a factor of 1632?
False
Is 13 a factor of 41162?
False
Is 9796 a multiple of 31?
True
Is 25 a factor of 1475?
True
Is 180 a multiple of 20?
True
Is 1265 a multiple of 22?
False
Is 9 a factor of 14016?
False
Does 132 divide 5508?
False
Is 83402 a multiple of 15?
False
Does 3 divide 507?
True
Is 6 a factor of 738?
True
Is 138 a factor of 1538?
False
Is 1157 a multiple of 89?
True
Does 40 divide 10040?
True
Is 4690 a multiple of 35?
True
Is 3896 a multiple of 33?
False
Is 6957 a multiple of 9?
True
Is 151 a multiple of 23?
False
Is 3 a factor of 5?
False
Does 9 divide 1336?
False
Is 8 a factor of 10272?
True
Is 14 a factor of 895?
False
Is 60859 a multiple of 45?
False
Is 6552 a multiple of 26?
True
Is 77 a factor of 17556?
True
Does 24 divide 33312?
True
Is 24 a factor of 504?
True
Is 47 a factor of 11561?
False
Is 938 a multiple of 10?
False
Is 571 a multiple of 10?
False
Is 36 a factor of 3240?
True
Is 76 a multiple of 4?
True
Is 13 a factor of 1170?
True
Is 120 a factor of 7862?
False
Does 4 divide 372?
True
Is 8 a factor of 8048?
True
Is 20 a factor of 751?
False
Does 5 divide 4340?
True
Is 38 a factor of 518?
False
Is 216 a multiple of 12?
True
Is 15 a factor of 1994?
False
Is 755 a multiple of 17?
False
Is 40440 a multiple of 337?
True
Is 6425 a multiple of 12?
False
Is 93 a multiple of 31?
True
Does 24 divide 10025?
False
Does 7 divide 2714?
False
Is 3 a factor of 72?
True
Is 844 a multiple of 24?
False
Is 59 a multiple of 53?
False
Is 2228 a multiple of 23?
False
Is 6 a factor of 45738?
True
Is 25185 a multiple of 23?
True
Does 85 divide 2040?
True
Is 50 a factor of 8895?
False
Is 19 a factor of 209?
True
Does 17 divide 647?
False
Is 11 a factor of 78?
False
Is 10421 even?
False
Is 434 a multiple of 62?
True
Does 29 divide 126794?
False
Does 15 divide 1508?
False
Does 8 divide 352?
True
Is 37 a factor of 6322?
False
Is 27 a factor of 1497?
False
Is 281 a factor of 21075?
True
Does 32 divide 1730?
False
Is 820 a multiple of 41?
True
Is 22 a factor of 6222?
False
Is 464 a multiple of 4?
True
Does 27 divide 13961?
False
Does 5 divide 146?
False
Does 7 divide 14722?
False
Does 65 divide 1527?
False
Does 82 divide 410?
True
Is 26 a factor of 9078?
False
Is 10 a factor of 400?
True
Does 17 divide 521?
False
Is 49 a factor of 2450?
True
Is 5768 a multiple of 56?
True
Is 6728 a multiple of 29?
True
Is 15 a factor of 3720?
True
Is 25360 a multiple of 8?
True
Is 51 a factor of 287?
False
Is 994 a multiple of 14?
True
Does 38 divide 222?
False
Is 978 a multiple of 49?
False
Is 1941 a multiple of 13?
False
Is 11676 a multiple of 12?
True
Is 1419 a multiple of 73?
False
Is 10797 a multiple of 59?
True
Is 21 a factor of 202?
False
Is 12 a factor of 2805?
False
Does 31 divide 10637?
False
Is 10 a factor of 40?
True
Is 105 a factor of 26860?
False
Does 60 divide 600?
True
Is 51 a factor of 8925?
True
Is 34385 a multiple of 299?
True
Is 26649 a multiple of 189?
True
Is 1040 a multiple of 26?
True
Is 17 a factor of 179?
False
Is 30323 a multiple of 61?
False
Does 26 divide 2984?
False
Does 76 divide 380?
True
Is 69 a factor of 25254?
True
Is 83 a factor of 4706?
False
Is 5232 a multiple of 24?
True
Is 6526 a multiple of 72?
False
Does 12 divide 840?
True
Is 345 a multiple of 23?
True
Is 159 a multiple of 3?
True
Is 64446 a multiple of 23?
True
Is 70 a multiple of 7?
True
Does 8 divide 20072?
True
Is 350 a multiple of 5?
True
Is 2072 a multiple of 4?
True
Does 9 divide 12277?
False
Does 13 divide 13567?
False
Does 72 divide